{"id":3950,"date":"2023-06-20T07:43:00","date_gmt":"2023-06-20T05:43:00","guid":{"rendered":"https:\/\/aidssh.instant.al\/njoftim-pune\/njoftimi-fituesi-ne-proceduren-e-ngritjes-ne-detyre-ne-pozicionin-drejtor-drejtoria-e-arkivit\/"},"modified":"2023-06-20T07:43:00","modified_gmt":"2023-06-20T05:43:00","slug":"njoftimi-fituesi-ne-proceduren-e-ngritjes-ne-detyre-ne-pozicionin-drejtor-drejtoria-e-arkivit","status":"publish","type":"njoftim-pune","link":"https:\/\/aidssh.al\/en\/njoftim-pune\/njoftimi-fituesi-ne-proceduren-e-ngritjes-ne-detyre-ne-pozicionin-drejtor-drejtoria-e-arkivit\/","title":{"rendered":"Njoftimi fituesi  n\u00eb procedur\u00ebn  e ngritjes n\u00eb detyr\u00eb, n\u00eb pozicionin; &#8220;Drejtor, Drejtoria e Arkivit"},"featured_media":0,"template":"","meta":{"_acf_changed":false},"categories":[],"tags":[],"class_list":["post-3950","njoftim-pune","type-njoftim-pune","status-publish","hentry"],"acf":[],"_links":{"self":[{"href":"https:\/\/aidssh.al\/en\/wp-json\/wp\/v2\/njoftim-pune\/3950","targetHints":{"allow":["GET"]}}],"collection":[{"href":"https:\/\/aidssh.al\/en\/wp-json\/wp\/v2\/njoftim-pune"}],"about":[{"href":"https:\/\/aidssh.al\/en\/wp-json\/wp\/v2\/types\/njoftim-pune"}],"wp:attachment":[{"href":"https:\/\/aidssh.al\/en\/wp-json\/wp\/v2\/media?parent=3950"}],"wp:term":[{"taxonomy":"category","embeddable":true,"href":"https:\/\/aidssh.al\/en\/wp-json\/wp\/v2\/categories?post=3950"},{"taxonomy":"post_tag","embeddable":true,"href":"https:\/\/aidssh.al\/en\/wp-json\/wp\/v2\/tags?post=3950"}],"curies":[{"name":"wp","href":"https:\/\/api.w.org\/{rel}","templated":true}]}}

Njoftimi fituesi  në procedurën  e ngritjes në detyrë, në pozicionin; &#8220;Drejtor, Drejtoria e Arkivit
